85. Calculate the remainder when p is divided by (-60)/(-70)*(-42)/(-2).
16
Suppose -h = -f - 16, h - 110 = -4*h - f. Let t = 158 + -105. Calculate the remainder when t is divided by h*(-2)/(-3) - 0.
11
Let b(j) = j + 9. Let n be b(-7). Suppose 39 = n*h + h. Calculate the remainder when 36 is divided by h.
10
Suppose -32 - 120 = -8*g. Calculate the remainder when 73 is divided by g.
16
Let q(h) = -7*h. Let x = -9 + 16. Suppose 0 = 8*m - x*m - 41. What is the remainder when m is divided by q(-2)?
13
Let b = -35 - -66. Suppose -3*t + g + 56 = 0, 2*t + 0*g - 49 = 3*g. What is the remainder when b is divided by t?
14
What is the remainder when 34 is divided by (-2 + -2)*1 - -11?
6
Suppose -3*h + 132 = 5*t - 2*t, -5*t = -2*h + 88. Suppose h = b + 10. Calculate the remainder when b is divided by 9.
7
Let k = 48 - 28. Suppose -4 = 6*g - g - f, -f - 5 = 4*g. What is the remainder when k is divided by ((-7)/(-2))/(g/(-2))?
6
Let o(m) = m + 2. Let i be o(4). Suppose 3*n = 2*w - 27, 3*w - 4*n = -w + 52. What is the remainder when 11/9*3*i is divided by w?
10
Suppose 0 = 2*d + 5*m - 318, 5*d + 5*m - 356 = 409. Let k = d + -95. Calculate the remainder when k is divided by 14.
12
Let x = 240 - 234. Calculate the remainder when x is divided by 2 - 1 - (-1 + 0).
0
Let p(o) = -28*o - 18. Let x be p(-11). Suppose -k = -6*k + x. What is the remainder when k is divided by 20?
18
Suppose 23 = 5*k + 8. Suppose -x = 5*q - 23 + 2, 5*x + k*q - 127 = 0. Let b(a) = 9*a**3 - a**2 + 1. What is the remainder when x is divided by b(1)?
8
Suppose -5*t = -2*n - 28, -5*t + 0*n - n + 16 = 0. What is the remainder when 9 is divided by t?
1
Suppose 20 = 2*d - 2*j, -4*d + 5*j + 41 = -4. Suppose 5*w - 15 = d*y, -36 = -4*w - 3*y + y. What is the remainder when 1/(39/19 + -2) is divided by w?
5
Suppose -3*k + 8*k - 5*f + 30 = 0, -3*f + 2 = -k. Let d = -5 - k. Suppose -3*x + 0*x + 4*l = -38, 4*l + 2 = -d*x. What is the remainder when 10 is divided by x?
4
Let w be -1 - ((-1 - -3) + -1). Let t = w - -23. Calculate the remainder when 62 is divided by t.
20
Let x = 16 + -7. Suppose 0 = -f + 3 - 0. What is the remainder when x is divided by f?
0
Let s(x) = x**3 - 11*x**2 + 12*x - 11. Calculate the remainder when 16 is divided by s(10).
7
Let h = 94 - 34. Let b = -4 - -25. Calculate the remainder when h is divided by b.
18
Let u = 14 - 3. Let j be ((-3)/(-6))/(2/4). Suppose j = 2*s - 11. Calculate the remainder when u is divided by s.
5
Suppose 0 = 17*v + v - 306. Calculate the remainder when 79 is divided by v.
11
Suppose -3*f = -5*f. Suppose f = -5*q + 163 + 42. What is the remainder when q is divided by 14?
13
What is the remainder when 22 is divided by (-3)/6*2*-10?
2
Suppose 6*d + 27 = 207. Calculate the remainder when 89 is divided by d.
29
Suppose -2*w + 6 = -2*t, 3*w - 23 = 2*w - 4*t. What is the remainder when 27 is divided by w?
6
Suppose 0 = -4*y + 110 + 26. Suppose -80 = -g - g + 4*n, -g + y = n. Suppose -2*m + g = m. What is the remainder when 34 is divided by m?
10
Suppose 0*y + 2 = -2*y. Let f = y - -16. Let w = 116 - 88. What is the remainder when w is divided by f?
13
Let a = 22 + -41. Let w = a - 20. What is the remainder when -2*1/3*w is divided by 9?
8
Let q(t) = 8*t + 13. Let v be q(-11). Let b = v - -122. What is the remainder when b is divided by 12?
11
Let h(y) = -y**2 - 3*y. Let r be h(-2). Suppose r*i = -4*q, q + 3 = i - 0*q. Let g = -1 + 4. What is the remainder when g is divided by i?
1
Let m(w) = w**2 - w - 3. Let j be m(7). Suppose -j = -2*x - c, 4*x - 8*x + 76 = 4*c. Suppose 35 = -5*q + 90. Calculate the remainder when x is divided by q.
9
What is the remainder when (-66)/15*105/(-6) is divided by 16?
13
Suppose 24*q - 29*q + 103 = 2*t, -5*t + 5*q + 310 = 0. What is the remainder when t is divided by 10?
9
Let v = 46 - 28. Suppose 23 = 4*s - 21. Calculate the remainder when ((-14)/(-1))/(12/v) is divided by s.
10
Let k = -4 + 9. Suppose 0 = -t - 0*t + k. What is the remainder when 14 is divided by t?
4
Let w = 23 + -21. Suppose 6 = w*q - 16. Calculate the remainder when 42 is divided by q.
9
Let m(g) = -g**3 + g + 15. Let a(r) = -4*r + 25. What is the remainder when a(-8) is divided by m(0)?
12
Let v = 38 - 33. Suppose 4*y = 3*y + 5, -5*w = 2*y - 65. Let n = v + w. What is the remainder when n is divided by 9?
7
Let b = -39 - -56. Calculate the remainder when 1 - (-954)/15 - (-4)/10 is divided by b.
14
Let q(w) be the second derivative of -3/5*w**5 + 0 - w + 1/12*w**4 - 1/2*w**2 + 0*w**3. Calculate the remainder when 23 is divided by q(-1).
11
Suppose 27 + 3 = 2*u. What is the remainder when 27 is divided by u?
12
Suppose 38 = 3*s - q, 3*q - 1 = 2*q. Let n(f) = -f**3 - 12*f**2 - 25*f. What is the remainder when n(-10) is divided by s?
11
What is the remainder when 103 is divided by (-168)/(-6) + (1*-2 - -1)?
22
Suppose 0 = -2*x + 4*z + 38, -3*x - z + 58 = 4*x. Let g = -32 - -57. Calculate the remainder when g is divided by x.
7
Let n = -6 + 3. Let f be (n - (1 - 2))*-1. Suppose v - 5 = -3*d + 18, 0 = -5*v + f*d + 149. Calculate the remainder when v is divided by 10.
9
Let c(a) = a**3 - 6*a**2 + 7*a - 2. What is the remainder when 23 is divided by c(5)?
7
Let o = -14 - -32. Let g = -133 + 168. Calculate the remainder when g is divided by o.
17
Let j(g) = -g**3 + 6*g**2 + g - 5. Suppose 2*a - 4*a = -12. Calculate the remainder when 3 is divided by j(a).
0
Suppose -r - 7*c = -3*c + 8, -5*c + 11 = -4*r. Suppose -2*s + 15 = 3*s. What is the remainder when (r/(-6))/((-8)/(-96)) is divided by s?
2
Suppose 3*l + 2*z - 96 = 0, l - 35 = 5*z + 14. Suppose 7 = h - 5. What is the remainder when l is divided by h?
10
Suppose 10*p = 172 + 8. Calculate the remainder when 67 is divided by p.
13
Let f(d) = 20*d + 3. Let u be f(6). Suppose 3*v - u = 33. Calculate the remainder when v is divided by 18.
16
Let c be (0 + 0)/(-5 + 7). Suppose -3*y + y + 56 = c. What is the remainder when y is divided by 1/(-2 - (-62)/30)?
13
Suppose -5*z + 131 = 3*h + h, 2*h = 4*z - 110. What is the remainder when 105 is divided by z?
24
Let m(x) = 2*x + 6. Calculate the remainder when (97 + 5)*(-2)/(-4) is divided by m(6).
15
Suppose 152 + 98 = 5*x. What is the remainder when x is divided by 26?
24
Let r be (1/2)/((-1)/188). Let n = -36 - r. Calculate the remainder when n is divided by -1 + ((-77)/(-11))/((-2)/(-6)).
18
Suppose -5*i + 137 - 17 = 0. Suppose -7*g + i = -4*g. Calculate the remainder when 23 is divided by g.
7
Let f = 5 + 4. What is the remainder when 25 is divided by f?
7
Suppose 0 = -3*c + 2*a + 30, 47 = 4*c - 2*a - 3*a. Calculate the remainder when 63 is divided by c.
7
Suppose 34*i = 32*i + 6. Calculate the remainder when 14 is divided by i.
2
Suppose 4*w + 0*w - 5*c - 218 = 0, -2*c - 110 = -2*w. What is the remainder when w is divided by 15?
12
Let k(t) = 4*t**2 + 3*t - 3. Calculate the remainder when k(-6) is divided by 21.
18
Let b(n) = -22*n - 9. Let p be b(12). Calculate the remainder when 48 is divided by p/(-11) + 6/33.
23
Let z = -44 - -91. What is the remainder when z is divided by 3*2*(-11 + 13)?
11
Calculate the remainder when (-2)/7 + 10296/168 is divided by 8.
5
Calculate the remainder when 3*((-17)/(-3) - -3) is divided by 7.
5
Suppose 4*z = x + 11, x = -2*x - 3*z - 33. Let g = 18 + x. Calculate the remainder when 13 is divided by g.
6
Let q(n) = 2*n + 19. Calculate the remainder when q(-9) is divided by 1.
0
Suppose 4*c - 65 = -3*r - 2*r, -2*c + 4*r = 0. What is the remainder when 14 is divided by c?
4
Suppose -n - 80 = -5*k, -n = k + n - 5. Let f(x) = -x**3 - 3*x**2 + x + 13. Calculate the remainder when f(-5) is divided by k.
13
Let s(x) = 2*x**3 - 3*x**2 - 5*x + 16. Calculate the remainder when s(2) is divided by 4.
2
Let z be (-5)/((-15)/12)*1. Suppose z*n - 60 = -4*x, 4*x - 11 = 3*x + 3*n. Calculate the remainder when 54 is divided by x.
12
Suppose -5*r + r = 36. Let p(d) be the second derivative of -d**4/12 - 5*d**3/3 + 4*d**2 + 15*d. Calculate the remainder when p(r) is divided by 10.
7
Let v(o) = o**2 - 2*o + 5. Let l(r) = -r. Let t(g) = 4*l(g) + v(g). Let c be t(11). Suppose -4*k + 64 = -c. What is the remainder when k is divided by 11?
9
Let h(j) = -2*j + 13. Let p be h(10). Let k = p - -14. Let z = k - 5. What is the remainder when 2 is divided by z?